). Suppose 0 = -3*t + 6, x + t + n = 4*x. What is the remainder when x is divided by i?
7
Calculate the remainder when 22/(-3)*(-18 - -15) is divided by 12.
10
Suppose 0*w + 20 = 5*w. Calculate the remainder when 7 is divided by w.
3
Let w be 6/4 + (-25)/(-10). Suppose w*j - 14 = 2*j. What is the remainder when j is divided by 2?
1
Let o be (4/(-8))/(2/36). Let f = o + 16. Calculate the remainder when 12 is divided by f.
5
Let p(v) = v + 18. Let i be p(0). Suppose i = u + 2*u. Calculate the remainder when 22 is divided by u.
4
Let b = -70 - -111. Suppose z + 5*a - 9 = 0, 5*z - 5*a + 1 - 76 = 0. Calculate the remainder when b is divided by z.
13
Suppose 2*r = 3*c + 32, -5*c = -r + 2*r - 3. Suppose 18 = 3*z - 3. What is the remainder when r is divided by z?
6
Suppose -5 - 43 = -3*z. What is the remainder when 45 is divided by z?
13
Suppose 3 = s - 0. Suppose -25 = -v - 4*v - s*j, -15 = -3*v - 2*j. What is the remainder when 19 is divided by v?
4
Let r(i) = 13*i + 2. Let p be r(3). Suppose 0 = -3*w + p + 88. Let o = -18 - -33. What is the remainder when w is divided by o?
13
Suppose -38 = 2*b - 2*l, -3*b + 0*b + 4*l - 57 = 0. Let v = 13 + b. What is the remainder when (7*-3)/(v/4) is divided by 4?
2
Let r(c) = c**2 + 3*c + 2. Let g be r(5). Suppose 0 = -4*b + 30 + g. Calculate the remainder when b is divided by 7.
4
Suppose -159 = -4*z + 41. Suppose 5*k = 4*k - 3*u + 13, -3*u = 0. Calculate the remainder when z is divided by k.
11
Suppose -2*g - c + 70 = 2*g, 0 = g + 4*c - 10. What is the remainder when 29 is divided by g?
11
What is the remainder when 55 is divided by 0 + 4/4 - -13?
13
Let h(z) = -z**3 - z**2 + z + 1. Let n(r) = -3*r**3 + 2*r**2 - 1. Let j be (-5)/4 - (-1)/4. Calculate the remainder when n(j) is divided by h(-2).
1
Let g = -34 + 55. What is the remainder when g is divided by 4?
1
Let p = -168 + 198. Calculate the remainder when p is divided by 22.
8
Suppose 3*y = 3*b - 345, 0 = 2*b - 6*b + y + 463. Let k = -60 + b. Suppose -6*u = -2*u - k. Calculate the remainder when 26 is divided by u.
12
Suppose -k - 45 = f - 4*f, 0 = -2*f - 3*k + 30. Suppose -f = 4*s - s, 4*c = -2*s + 54. Calculate the remainder when c is divided by 5.
1
Suppose y = 1 + 1. Let f(g) = -8*g + 1. Calculate the remainder when f(-2) is divided by 2 + -2 + 11 - y.
8
Suppose -3*f - 2*f + 25 = 0. What is the remainder when 9 is divided by f?
4
Suppose 0 = -5*g - 94 + 439. Suppose -5*t + g = 5*z - 171, 227 = 4*t - 3*z. What is the remainder when t is divided by 18?
17
Suppose 0 = -2*v + i + 16, 3*v + 4*i - 8 = 5. Calculate the remainder when 47 is divided by v.
5
Let n = 8 - 4. Calculate the remainder when -3*(1 - (-26)/(-6)) is divided by n.
2
Suppose -13 = -3*i + 2*f, 0*f = 5*i - 3*f - 21. Suppose -q - 252 = i*q. Let t = q - -93. Calculate the remainder when t is divided by 8.
6
Let h be (-5)/((-10)/4)*2. Suppose -4*p + h*i - 15 = 1, 5*p + 4*i + 38 = 0. What is the remainder when p/8 + (-103)/(-4) is divided by 13?
12
Suppose -3*a + 8 = a. Suppose 22 = 2*b + g, 5*b + g - 53 = -a*g. Let j = -12 + 36. What is the remainder when j is divided by b?
11
Let k(y) = -3*y**3 - y**2 - 3*y + 2. Let n be -2 + -1 + (-2 - -7). Let s be k(n). Let x = 47 + s. Calculate the remainder when 44 is divided by x.
14
Suppose 0 = 3*h - 4*f - 69, -2*h + 2*f = f - 46. Calculate the remainder when h is divided by 9.
5
Suppose 0 = 3*r - 0*r - 132. Suppose -3*i = 4*j - 32, 5*j - 2 = i + 19. What is the remainder when r is divided by 3*5*4/i?
14
Let v = 51 + -19. What is the remainder when 62 is divided by v?
30
Calculate the remainder when 72 is divided by (3 - 0)*5*1.
12
Let q(z) = -z**2 + 4. Let h be q(0). Suppose f - h*d = 3*f - 34, -5*d = 5*f - 65. What is the remainder when f is divided by 4?
1
Let h = 22 + -18. Calculate the remainder when 14 is divided by h.
2
Suppose 5*x + 20 = 4*h, -5*h = -h + x - 44. Suppose 4*j - 216 = -5*g - 71, -g + 29 = -4*j. What is the remainder when g is divided by 0*2/(-6) + h?
9
Suppose q + 4*r = 5*q - 12, 0 = 5*q + 3*r - 23. Suppose -8 = -0*t - 4*t. What is the remainder when q is divided by t?
0
Let w = 9 + -6. Suppose 2*d = 2*n + 16, 0 = d + 3*d + n - 52. Suppose 3*o = c - d, w*o - 5 = -4*c + 13. What is the remainder when c is divided by 4?
2
Let j(u) = 4*u + 111. What is the remainder when j(0) is divided by 14?
13
Let m = -67 + 120. Calculate the remainder when m is divided by 7.
4
Let b be (-55)/(-22) - (-6)/4. Suppose 0 = -h - b*h - m + 450, 3*h = -m + 270. What is the remainder when h is divided by 23?
21
Let p(b) = -b**2 + 6*b - 6. What is the remainder when ((-4)/3)/(14/(-21)) is divided by p(4)?
0
Calculate the remainder when 8/28 + (-290)/(-14) is divided by 8.
5
Suppose 0 = 4*b - 2*n - 140, -3*n - 175 = -5*b - n. What is the remainder when b is divided by 19?
16
Let h(l) = -21*l + 1. Let p be 16/(-10) + 2/(-5). Let d = 7 + 4. What is the remainder when h(p) is divided by d?
10
Let b(f) = 11*f**2 + 2. Suppose -2*r - r + 48 = 0. Calculate the remainder when b(-2) is divided by r.
14
Let h(a) = a**2 + 17*a + 12. Calculate the remainder when 47 is divided by h(-17).
11
Suppose -z = 3*z + 4. Let w be 2/(-4)*(z - 5). Suppose -w*s + 29 = 11. What is the remainder when 11 is divided by s?
5
Let h(m) = -m + 8. Let p be h(6). Let q be (0/p)/(3 - 4). Suppose q = -0*g + 3*g - 42. What is the remainder when g is divided by 8?
6
Suppose -3*u + 6 = -4*u. Let y be 9/(-6)*u*5. Suppose -3*n = 9, 4*n + y = 3*g + 2*n. What is the remainder when 25 is divided by g?
12
Suppose 3*b - 56 = -4*k - 13, 0 = -5*b - 3*k + 90. What is the remainder when b is divided by 4?
1
Let a(m) = m**3 + 7*m**2 + 1. Let g be a(-7). What is the remainder when 96/9 - g/(-3) is divided by 6?
5
Let n be 1/(3 + (-5)/2). Let r = n + 0. Let o = 1 + 6. What is the remainder when o is divided by r?
1
Let o(g) = -g**3 + 5*g**2 + 8*g - 5. Let l(d) = -2 + 2*d + 0*d + 0*d - d. Calculate the remainder when o(6) is divided by l(6).
3
Let r = 5 - 0. What is the remainder when r is divided by 66/30 + (-5)/25?
1
Suppose -12 = m - 0*m. Calculate the remainder when m/(-6)*(-9)/(-1) is divided by 5.
3
Calculate the remainder when 95 is divided by ((-150)/(-9))/(6/9).
20
Let w(t) = -5*t - 10. Let p(k) = -11*k - 20. Let h(d) = -2*p(d) + 5*w(d). What is the remainder when h(-8) is divided by 6?
2
Suppose 5*u + 32 = 3*c, -4*c + 3 + 1 = 3*u. Suppose -n = -5*j - 5, -39 = -c*n - j + 2*j. Calculate the remainder when 39 is divided by n.
9
Let c(t) = -t**2 - t + 9. Let m be 4 + (0 - (-1 - 0)). Calculate the remainder when c(0) is divided by m/2*6/3.
4
Let b(w) = 2*w**2 - 3*w + 1. Calculate the remainder when b(4) is divided by 11.
10
What is the remainder when (-230)/(-25)*(-10)/(-4) is divided by 14?
9
Suppose 4*r + 2*d - 148 = 3*r, 5*r - 4*d - 726 = 0. Suppose -3*g + r = -67. Calculate the remainder when g is divided by 18.
17
Suppose -y + 5 = -8. Let k(b) = b**2 + b - 7. What is the remainder when y is divided by k(3)?
3
Let t = 27 - 23. Calculate the remainder when 18 is divided by t.
2
Suppose 0 = -0*i + 3*i - 24. What is the remainder when 37 is divided by i?
5
Suppose 2*g + 1 = 2*d - 1, 4*d - 5*g + 1 = 0. Calculate the remainder when 40 is divided by d.
4
Suppose -o + 9 = -9. Calculate the remainder when o is divided by 10.
8
Let o be 4 - 1/2*6. Suppose -5*a + 36 = 3*m, m - 11 = 5*a + o. Calculate the remainder when 34 is divided by m.
10
Let n(s) = -2*s**3 + 2*s**2 + s - 4. Suppose 3*l - 62 - 16 = 0. Let b = l + 26. What is the remainder when b is divided by n(-2)?
16
Suppose -3 = v - 6. What is the remainder when 17 is divided by v?
2
Let d be (1 - (-2)/6)*-3. What is the remainder when 43 is divided by (-46)/d*(0 + 2)?
20
Let o(s) = 3*s**2 + 3*s - 4. Calculate the remainder when 26 is divided by o(2).
12
Suppose -i + 0 = -32. Suppose 5*a = 81 + 44. Suppose 0 = -5*f + a, -2*n + 5*f + 6 = -3. What is the remainder when i is divided by n?
15
Suppose 0 = -45*k + 47*k - 36. Calculate the remainder when 84 is divided by k.
12
What is the remainder when 13 - 15 - (-56 + 0) is divided by 14?
12
Suppose -h = -f - 0*h + 27, 0 = -4*h - 20. Calculate the remainder when 41 is divided by f.
19
Let w(p) = -2*p**3 - 13*p**2 + 7*p + 17. Calculate the remainder when w(-7) is divided by 9.
8
Let w(v) = -6*v + 5. What is